2 + 3*m - m. Let a be p(6). Let x = 91 + a. What is the remainder when x is divided by 9?
8
Calculate the remainder when 93 + -18 + (2 - -4) is divided by 12.
9
Let r(j) = j**2 - 59*j + 108. What is the remainder when 193 is divided by r(0)?
85
Suppose 0 = -k - k + 112. Suppose -5*r + k + 169 = 0. Suppose 0*z = -4*z + 64. Calculate the remainder when r is divided by z.
13
Let i = 18 + -11. Suppose s - i = 3. What is the remainder when 1/((2 + -1)/37) is divided by s?
7
Suppose 61*h = 58*h + 207. What is the remainder when h is divided by 9?
6
Suppose -2 - 1 = -f. Suppose -8*g = 1 - 25. Suppose -g*o = -4*o + 2. What is the remainder when f is divided by o?
1
Let u(f) = 12*f**2 + f + 10. Calculate the remainder when u(4) is divided by 9.
8
Suppose 957 = -113*c + 114*c. What is the remainder when c is divided by 8?
5
Let p(d) = 4*d**2 + 5*d + 3. Let i(h) = 9*h**2 + 9*h + 6. Let q(m) = 3*i(m) - 7*p(m). What is the remainder when q(-5) is divided by 2?
0
Let k(c) = 2*c**2 + 42*c - 27. Let a be k(-24). Let u = a - 96. Calculate the remainder when 61 is divided by u.
19
Suppose -5*r + 5*o = -2225, 4*o = -4*r - 641 + 2413. Calculate the remainder when r is divided by 76.
64
Let d(w) = -w + 1. Let l be d(3). Let b = l - -17. Calculate the remainder when 28 is divided by b.
13
Let z = 126 + -147. Calculate the remainder when 66 is divided by (7/(z/12))/(4/(-14)).
10
Suppose 0 = -0*s + 2*s - 26. Let r = 0 - s. Let d = 1 - r. Calculate the remainder when 55 is divided by d.
13
Suppose 245 = 6*t - 1. Calculate the remainder when 74 is divided by t.
33
Let m(q) = 2*q**3 - 13*q**2 + 20*q - 43. Calculate the remainder when m(9) is divided by 78.
74
Let n = -157 + 281. Suppose n = 5*s - 4*w, -2*w = s - 0*s - 36. Calculate the remainder when ((-66)/(-18) + -4)*-246 is divided by s.
26
Let y(w) = -4*w - 10. Suppose -3*n = -10*n. Suppose n = f - 2*f - 2*d - 8, -4*f - 10 = -3*d. Calculate the remainder when 9 is divided by y(f).
3
Let l = -47 + 50. What is the remainder when 8 is divided by l?
2
Let u(l) = l**2 + 93*l + 93. What is the remainder when 282 is divided by u(0)?
3
Calculate the remainder when 7 is divided by (-2 + (-16)/6)/(30/(-45)).
0
Let m = 24 + -6. Suppose 0 = -2*j - j + m. Calculate the remainder when (-300)/(-12)*3/5 is divided by j.
3
Let g = 2323 - 2138. What is the remainder when g is divided by 19?
14
Let g = -15 + 34. Let h = -5 + g. What is the remainder when 261/5 + 3/(-15) is divided by h?
10
Let s = 164 + -156. What is the remainder when 73 is divided by s?
1
Let h(f) be the third derivative of f**5/30 + f**4/12 - 4*f**3/3 - f**2. Calculate the remainder when h(-5) is divided by 9.
5
Calculate the remainder when 37 is divided by 2 + (-5 - (-11 + 0)).
5
Suppose 0*p = -6*p + 54. Let n be 87 - (2 - 4/2). Suppose 49 + n = 4*r. Calculate the remainder when r is divided by p.
7
Let p(q) = 3*q**3 - 7*q**2 + 7*q + 11. Let w be p(5). Suppose 0 = -8*u + w + 242. What is the remainder when u is divided by 21?
19
Let y(f) = -2*f**2 + 3*f + 8. Let q be y(5). Suppose k + 2 = -2*a - 4, -4*a + 2*k - 4 = 0. What is the remainder when a/(-10) - q/15 is divided by 2?
0
Let r(z) = 0*z**2 - z**3 + 10*z - 23*z - 16*z**2 + 4 - 2*z. Calculate the remainder when r(-15) is divided by 3.
1
Suppose -400 = 5*d - 0*d. Let g = d + 194. What is the remainder when g is divided by ((-220)/(-30) + 8)*3/2?
22
Let f(v) = 2*v**2 - 17*v + 19. Let d be f(2). Let x be 28*1*(-2)/(-4). Let w = x + d. Calculate the remainder when 26 is divided by w.
5
Let v(y) = 5*y + 6. Let m be 2/(-6) - 22/(-3). Let q be v(m). Suppose -128 = -3*p - q. What is the remainder when p is divided by 6?
5
Suppose -m + 11 = -4*b + b, -4*m - 3*b = 1. Let d(h) = -6 - 8 + 13 - h. Calculate the remainder when d(-7) is divided by m.
0
Let s be (1 + -4)*(6 - (-3 - -8)). Calculate the remainder when ((-38)/s)/(3/18) is divided by 11.
10
Let h(s) = -3*s + 26. Let w be h(9). Calculate the remainder when 2 + 64 + w + 0 is divided by 22.
21
Suppose m - 8*m = -35. What is the remainder when -5*((-212)/m - -4) is divided by 39?
36
Let b(n) = -n**3 - 6*n**2 - 8*n - 6. What is the remainder when 244/14 + (-12)/28 is divided by b(-5)?
8
Calculate the remainder when (-670)/(-10) + 2 + 2 - -3 is divided by 31.
12
Let q(c) = c**3 - 18*c**2 + 22*c + 49. What is the remainder when q(17) is divided by 34?
32
Let x(h) = -h**2 - 25*h + 35. What is the remainder when x(-12) is divided by 16?
15
Suppose 5*o - o = 52. What is the remainder when (-8 - -5)/((-56)/50 + 1) is divided by o?
12
Suppose 4*x + x + 3*l - 115 = 0, -2*l - 10 = -x. What is the remainder when 677 is divided by x?
17
Let m be 6/4*(-110)/5. Let s = 67 + m. Let q = 431 + -422. What is the remainder when s is divided by q?
7
Suppose 16*g - 1190 - 362 = 0. What is the remainder when g is divided by 56?
41
Suppose -20 = -3*y - 5. Suppose -y*s + 10 = 4*i - 4, 0 = -5*i + 5*s + 40. Suppose 0 = i*c - 11*c + 40. What is the remainder when 21 is divided by c?
5
Let o be -72*9/12*-3. Suppose -2*i = -10, -115 = s + 2*i - 188. What is the remainder when s is divided by o/10 + (-6)/30?
15
Let h(s) = -s**2 - s - 1. Let v(w) = w**2 - 12*w + 19. Let n(d) = -2*h(d) - v(d). What is the remainder when n(-16) is divided by 4?
3
Suppose -130 = -5*j - 625. Calculate the remainder when 1/5 + j/(-5) is divided by 6.
2
What is the remainder when 138 is divided by -3 + 6 + (-8 + -5)*-2?
22
Let j(m) = 8*m - 50. Suppose 0 = -3*x + 14 + 10. What is the remainder when 26 is divided by j(x)?
12
Let m(z) = z**3 - 7*z**2 + 9*z - 9. Suppose -3*c = c - 168. Calculate the remainder when c is divided by m(6).
6
Suppose 6*o - 3*o - 48 = -5*k, 5*o = 5. Let b = -6 + k. Suppose b*g = -8 + 65. What is the remainder when g is divided by 7?
5
Let h = -1624 - -1641. Calculate the remainder when 66 is divided by h.
15
Let w(q) = -q**3 - 5*q**2 + 5*q - 2. Let u be w(-6). Suppose -u*a = -210 - 198. What is the remainder when a is divided by 21?
18
Let z(t) = -t**3 - 4*t**2 + 5*t - 2. What is the remainder when z(-6) is divided by (96/4)/3*(-7)/(-4)?
12
Suppose 307*m - 316*m = -27. Calculate the remainder when 9 + (0/3 - -3) is divided by m.
0
Let r(j) = j**3 + 5*j**2 - 4*j + 6. Let f be r(-6). Suppose 3*b - 5*u = 28, 163 - 147 = 4*u. Calculate the remainder when 93*(-4)/f - -1 is divided by b.
15
Suppose -2*q = -q - 5. Suppose -3*f = -q*f - 3*g + 24, -60 = -5*f - 4*g. What is the remainder when 56 is divided by f?
8
Let v = -222 + 292. Let i(b) = b**3 + b**2 + 24. What is the remainder when v is divided by i(0)?
22
Let p(y) = 53*y**3 - y**2 + 8*y + 6. Let j(z) = 27*z**3 - z**2 + 4*z + 3. Let o(x) = 5*j(x) - 3*p(x). Calculate the remainder when o(-1) is divided by 8.
7
Let n be (2 - -1) + (-7 - -7). Suppose -2*l = n*l - 60. What is the remainder when (-1)/(-4) + (-1969)/(-44) is divided by l?
9
Suppose 3*y + 4*a - 128 = -y, y - 4*a = 22. Suppose -123 - 312 = -5*u. What is the remainder when u is divided by y?
27
Let w = 1149 + -1129. Suppose -l + 221 = 3*k, 2*k - 7*k + 359 = 4*l. Calculate the remainder when k is divided by w.
15
Suppose 3*t + 64 = 4*o, -5*t + 3*t = 2*o - 46. Let a be 28/(-6)*(-18)/21. Suppose a*h = 10 + 18. Calculate the remainder when o is divided by h.
5
Suppose -54 = -27*a + 21*a. Calculate the remainder when 27 is divided by a.
0
Let v be (-1)/(220/(-216) + 1). Calculate the remainder when v - (2 - 1/(-1)) is divided by -26*(-2)/8*2.
12
Let l(q) = 28*q - 446. Suppose 2*s + 2*g + 4 = 6, -2*g = -4*s - 14. Let u = 4 + s. What is the remainder when u is divided by l(16)?
0
Suppose -3*x - 4*y = -28, -2*x + 19 = -3*y + 6. Calculate the remainder when x is divided by (0 + 8/(-6))*(-10 + (-725)/(-116)).
3
Let s be (-33)/((-34)/(-8) - 4). Calculate the remainder when (-1 + 2)*s/(-12) is divided by 2.
1
Let x(r) = -r**3 + 17*r**2 - 18*r + 1. Let k be x(16). Let w = 48 - 99. Let m = k - w. What is the remainder when m is divided by 7?
6
Let m = -24 - -17. Let a = 13 - m. Suppose -3*n + 1 = -t, 10 - 18 = -2*n. Calculate the remainder when a is divided by t.
9
Suppose -u + 37 = 4. Let v = 245 - 233. Suppose 5*m - u = v. What is the remainder when 25 is divided by m?
7
Suppose 58*d - 57*d = 8. Let x = 26 - 23. What is the remainder when d is divided by x?
2
Let r = 17 + -49. Let p = -16 - r. Calc